 of 31 and 28706?
31
What is the highest common divisor of 160 and 65?
5
Calculate the highest common factor of 7095 and 15.
15
What is the greatest common factor of 264 and 1044?
12
Calculate the greatest common divisor of 3895 and 190.
95
Calculate the highest common divisor of 23 and 575.
23
Calculate the greatest common factor of 680 and 200.
40
What is the greatest common factor of 160 and 5?
5
What is the greatest common divisor of 144 and 1488?
48
Calculate the greatest common factor of 799 and 68.
17
Calculate the greatest common divisor of 33 and 11.
11
Calculate the greatest common factor of 152 and 57.
19
What is the highest common factor of 135 and 1998?
27
Calculate the greatest common factor of 127 and 10287.
127
Calculate the highest common divisor of 10 and 90.
10
Calculate the greatest common factor of 62985 and 221.
221
What is the highest common factor of 29 and 1334?
29
Calculate the greatest common divisor of 1352 and 104.
104
What is the highest common factor of 60 and 105?
15
What is the greatest common divisor of 1232 and 968?
88
What is the greatest common divisor of 2889 and 54?
27
Calculate the highest common factor of 265 and 14946.
53
What is the greatest common divisor of 93540 and 20?
20
What is the highest common divisor of 11453 and 13?
13
Calculate the greatest common factor of 540 and 60.
60
What is the highest common divisor of 28 and 36?
4
What is the highest common divisor of 1254 and 342?
114
What is the greatest common factor of 7320 and 120?
120
Calculate the greatest common factor of 5320 and 5.
5
What is the greatest common factor of 2418 and 1482?
78
Calculate the highest common factor of 175 and 14.
7
What is the highest common divisor of 26 and 1586?
26
Calculate the highest common divisor of 128 and 432.
16
Calculate the highest common factor of 353 and 14473.
353
Calculate the greatest common factor of 12 and 4548.
12
What is the highest common divisor of 20 and 250?
10
Calculate the greatest common divisor of 39 and 2184.
39
What is the greatest common factor of 225 and 100?
25
What is the greatest common factor of 2790 and 630?
90
What is the greatest common factor of 5750 and 230?
230
Calculate the greatest common factor of 539 and 49.
49
What is the highest common factor of 1368 and 28?
4
What is the greatest common divisor of 111 and 24457?
37
Calculate the greatest common factor of 221 and 17.
17
Calculate the highest common factor of 1804 and 220.
44
Calculate the highest common factor of 68 and 4012.
68
Calculate the highest common divisor of 456 and 24.
24
What is the highest common factor of 45 and 72?
9
Calculate the highest common divisor of 6 and 27.
3
Calculate the highest common divisor of 38 and 2.
2
Calculate the greatest common divisor of 31 and 93.
31
Calculate the highest common divisor of 56 and 728.
56
What is the greatest common factor of 5305 and 10?
5
What is the greatest common divisor of 56 and 1512?
56
Calculate the highest common divisor of 357 and 21.
21
What is the greatest common divisor of 578 and 850?
34
Calculate the highest common divisor of 61 and 1525.
61
What is the highest common factor of 788 and 6107?
197
Calculate the greatest common divisor of 572 and 308.
44
Calculate the highest common divisor of 1209 and 5952.
93
What is the highest common factor of 150 and 12?
6
Calculate the greatest common divisor of 211 and 6.
1
Calculate the highest common factor of 18 and 102.
6
What is the highest common divisor of 3 and 2028?
3
Calculate the highest common divisor of 1986 and 6.
6
What is the greatest common divisor of 13 and 6656?
13
What is the highest common divisor of 56 and 10?
2
Calculate the greatest common divisor of 4 and 14332.
4
Calculate the highest common divisor of 1037 and 119.
17
What is the greatest common factor of 432 and 1080?
216
What is the highest common divisor of 10782 and 36?
18
Calculate the greatest common factor of 39 and 27.
3
What is the greatest common factor of 85 and 289?
17
Calculate the highest common factor of 15813 and 63.
63
Calculate the greatest common divisor of 10842 and 13.
13
Calculate the highest common divisor of 584 and 1679.
73
What is the highest common factor of 18 and 443?
1
Calculate the greatest common divisor of 609 and 1131.
87
Calculate the greatest common factor of 77 and 23947.
77
What is the highest common factor of 27709 and 229?
229
What is the highest common divisor of 702 and 12?
6
What is the highest common divisor of 432 and 312?
24
What is the highest common factor of 4 and 337?
1
What is the highest common divisor of 192 and 64?
64
What is the greatest common factor of 252 and 147?
21
Calculate the highest common factor of 574 and 14.
14
What is the highest common factor of 3193 and 206?
103
Calculate the greatest common factor of 25001 and 46.
23
What is the highest common divisor of 1805 and 25?
5
What is the greatest common divisor of 40 and 104?
8
Calculate the greatest common divisor of 521 and 1.
1
Calculate the highest common divisor of 65 and 78.
13
Calculate the highest common factor of 70 and 28.
14
Calculate the greatest common divisor of 14 and 14210.
14
Calculate the highest common factor of 2821 and 62.
31
What is the greatest common factor of 234 and 1326?
78
What is the greatest common factor of 553 and 14?
7
Calculate the greatest common factor of 385 and 605.
55
What is the highest common divisor of 243 and 9?
9
What is the greatest common factor of 114 and 12?
6
Calculate the greatest common divisor of 153 and 867.
51
Calculate the greatest common divisor of 62 and 19933.
31
What is the highest common divisor of 64 and 32?
32
What is the highest common factor of 8303 and 184?
23
What is the greatest common factor of 230 and 10?
10
Calculate the greatest common factor of 121 and 33.
11
Calculate the greatest common factor of 351 and 1248.
39
What is the greatest common divisor of 44 and 638?
22
What is the highest common divisor of 200 and 620?
20
What is the highest common factor of 102 and 78?
6
What is the highest common factor of 4 and 668?
4
Calculate the highest common factor of 203 and 87.
29
What is the greatest common divisor of 69 and 30?
3
Calculate the highest common divisor of 12 and 9.
3
What is the highest common factor of 69 and 6?
3
Calculate the highest common factor of 74 and 777.
37
Calculate the highest common factor of 56 and 196.
28
What is the greatest common factor of 26 and 2119?
13
What is the greatest common factor of 272 and 340?
68
What is the highest common divisor of 28 and 3430?
14
Calculate the greatest common factor of 429 and 16302.
429
Calculate the greatest common divisor of 3115 and 35.
35
Calculate the greatest common divisor of 264 and 726.
66
Calculate the highest common factor of 3 and 3093.
3
Calculate the greatest common divisor of 48 and 156.
12
What is the greatest common divisor of 7 and 2513?
7
Calculate the greatest common factor of 221 and 30277.
221
Calculate the highest common factor of 91 and 35.
7
What is the greatest common divisor of 294 and 994?
14
Calculate the greatest common divisor of 325 and 52.
13
Calculate the highest common divisor of 3699 and 137.
137
What is the highest common divisor of 23 and 65389?
23
What is the highest common factor of 3 and 300?
3
What is the highest common factor of 1368 and 72?
72
What is the greatest common factor of 81 and 32?
1
What is the greatest common factor of 37545 and 5?
5
Calculate the greatest common divisor of 58 and 58.
58
Calculate the greatest common factor of 54 and 342.
18
What is the greatest common divisor of 558 and 126?
18
Calculate the greatest common divisor of 1 and 38.
1
What is the greatest common divisor of 90 and 150?
30
Calculate the highest common factor of 250 and 10.
10
What is the greatest common factor of 26510 and 241?
241
Calculate the greatest common factor of 36 and 1422.
18
What is the highest common factor of 1056 and 44?
44
What is the highest common divisor of 198 and 1518?
66
Calculate the highest common divisor of 336 and 126.
42
Calculate the greatest common divisor of 204 and 456.
12
Calculate the greatest common factor of 38 and 361.
19
Calculate the highest common factor of 10 and 290.
10
Calculate the highest common factor of 307